2)/(2/m). Suppose 5*t + y*f = 51 + 44, -2*t - f = -35. What is the units digit of t?
5
Let n = 131 + -296. What is the tens digit of (16/20)/((-2)/n)?
6
Let d(p) be the first derivative of 5/2*p**2 - p - 2. What is the units digit of d(1)?
4
Let t be (33/2)/(17/2754). Suppose -957 + t = 13*o. What is the units digit of o?
2
Let z = -2891 - -4426. What is the units digit of z?
5
Suppose 12 = -4*m - u, 4*m + 3 = 3*u + 7. What is the units digit of (-631)/m - (3 + (-3)/2)?
4
Let u = -820 - -4433. What is the tens digit of u?
1
Suppose -5*y = 5*h - 0*h - 30, 0 = -5*h + y + 60. What is the hundreds digit of (h + 1)*2158/104?
2
Suppose -14*o = 234 - 6492. What is the units digit of o?
7
Let x be -48*-3*3/9. Suppose 0 - x = -u. What is the units digit of u?
8
Let q(k) = 4*k + 64. Let c be q(-15). Let o(j) = 2*j**3 + 2*j**2 - j - 1. Let n be o(4). Suppose h - n = -c*h. What is the units digit of h?
1
Let r(o) = -o - 7. Let s be r(-13). What is the units digit of 3/(9/10)*9/s?
5
Let h be (6/10)/((-702)/705 - -1). Let w = -82 + h. What is the units digit of w?
9
Suppose -8*d - 624 = -12*d. Suppose -n + 492 = d. What is the tens digit of n?
3
Let g(c) = -2 + 8*c**2 + 9*c**2 + 4. What is the units digit of g(-2)?
0
Suppose 91*q - 249380 = 2690. What is the tens digit of q?
7
Let s(d) = 3*d - 27. Let v be s(20). Let i = v - 28. What is the tens digit of -1 + i + 47 + 21?
7
What is the tens digit of (2/5)/(354473/(-29540) - -12)?
8
Let m = -28 + 28. Suppose -t + 4 = m, -85 - 88 = -3*f + 4*t. What is the units digit of f?
3
Let o = -1988 - -3169. What is the hundreds digit of o?
1
Suppose 0 = -2*o + 3*k + 18, 3*o - 3*k = -2*o + 27. Let f(r) = r**2 + 3*r + 7. Let m be f(-7). Suppose -x - x = 10, o*x + m = 5*g. What is the units digit of g?
4
Let v be (17 - 16)/(1/3). Suppose -9 = -k + v*l, 0*l + 2*l + 6 = -k. Suppose k = 6*p - p + 2*q - 318, p - q = 58. What is the tens digit of p?
6
Let h(v) = -22*v - 6. Let d be h(6). Let k = -61 - d. What is the units digit of k?
7
Suppose 500*x + 5058 = 506*x. What is the tens digit of x?
4
Let o(a) = a**2. Let r be o(1). What is the units digit of (r/3)/(-8 - 3001/(-375))?
5
Let x = 160 + 597. What is the units digit of x?
7
Let h(l) be the second derivative of 19*l**4/3 - l**3/2 + l**2 - 6*l. What is the tens digit of h(1)?
7
Let d = 717 + 412. What is the hundreds digit of d?
1
Let h = 362 - 251. Suppose 4*q - 4*p - 379 = -h, 5*q - 4*p - 339 = 0. What is the units digit of q?
1
Let n = -5761 + 9112. What is the tens digit of n?
5
What is the tens digit of (-1212)/((147/14)/(-21))?
2
Let y = 210 + -227. Let m(v) = 5*v + 9. Let d be m(-8). Let h = y - d. What is the tens digit of h?
1
Let m(n) = -36 + 2*n**2 - n**3 - 8*n - 13*n**2 + 66. What is the units digit of m(-10)?
0
Let x = -22 + 41. Let t(i) = i**3 - 18*i**2 - 15*i - 6. What is the units digit of t(x)?
0
Let s(l) = -3112*l**3 - 10*l**2 - 6*l + 2. What is the thousands digit of s(-1)?
3
Suppose -2*w - 3*w - 151 = -o, o + 35 = -w. Let v = 32 + w. What is the units digit of 2/(v/(10/4))?
5
Suppose 2*y = -y. Suppose 4*t + w - 2*w - 135 = y, -4*t = 3*w - 155. What is the units digit of t?
5
Let x(u) = -4*u - 8. Let l(g) = g**3 + 6*g**2 + 2*g + 1. Let n be l(-6). Let d be x(n). Suppose -5*h + d = -2*h. What is the units digit of h?
2
Let n(k) = -k**3 + 10*k**2 - 7*k - 18. Let u be n(9). Suppose -2*s = -2*r + 206, 3*r - 302 = -u*s - 4*s. What is the hundreds digit of r?
1
Let m(k) = 2*k - 8. Let o(w) = -w**2 - w + 7. Let r(g) = -2*m(g) - 3*o(g). Let s = -15 + 18. What is the units digit of r(s)?
9
Let y(d) = d**3 - 8*d**2 - 18*d - 10. Let a be y(11). Let c = a + -71. What is the units digit of c?
4
Let p = 14 + 4. Let n be p/12*8/6. Suppose 5*c = 4*d + 17 - n, 0 = 5*d. What is the units digit of c?
3
Suppose 0*l = -2*d - 4*l + 4, 5*d - 1 = -l. Let v = 20 + -15. Suppose d = 3*t + 2*a - 76, -154 = -v*t + 3*a - 2. What is the tens digit of t?
2
Let b(m) be the third derivative of -m**6/720 + m**5/20 - 7*m**4/24 - m**2. Let o(y) be the second derivative of b(y). What is the units digit of o(3)?
3
Let v = -7 + 14. Let x be (-1 + 2)/(v/7). Suppose -14 - x = -5*t. What is the units digit of t?
3
Suppose -n - 4*n = 0. Let o(c) = c**3 - c + 40. Let u be o(n). Suppose -z = -2*d + u, -2*d - 4*z = -4*d + 52. What is the units digit of d?
8
Let r = 3 + -1. Suppose 12 = r*k + 5*l, l = -5*k + 2*k + 31. Let w = k - -13. What is the tens digit of w?
2
Suppose -2*s + 44 = -5*h + 3*h, 20 = 5*h. Let x = 28 - s. What is the units digit of x?
2
Let x be (-160)/(-26) - 10/65. Let w be 230/x + 12/18. Suppose s = -2*s + w. What is the units digit of s?
3
Let p be (-1 - -2)/(3 - 2). Let y be -4 - -8 - 0/p. Suppose 118 - 30 = y*j. What is the tens digit of j?
2
What is the tens digit of (-11000)/(-26) + (-7)/91?
2
Let r(l) = l**2 - 18*l + 34. Let s be r(16). What is the units digit of ((-4480)/175)/(s/(-5))?
4
Let n(t) = -6*t**3 - 3*t**2 + 26*t + 170. What is the tens digit of n(-7)?
9
Let f be ((-657)/(-18))/(2/4). Suppose f*n + 429 = 76*n. What is the units digit of n?
3
What is the hundreds digit of (84/(-9))/((-9)/243)?
2
Let b = -12 - -47. Suppose w + 4*w - b = 0. Suppose w*z = 3*z + 20, -z - 179 = -4*m. What is the tens digit of m?
4
Let j(t) = 8*t**2 + 10. Let d be j(4). What is the units digit of d/((6/(-36))/((-1)/9))?
2
Let t(f) = 2*f**3 - 13*f**2 + 9*f + 4. Let g be t(8). Suppose 4*n + 4*i - g = 0, 5*n = -i + 361 - 26. What is the tens digit of n?
6
Suppose c - 8 = -5. Suppose s + 3*t = 45, -113 = -2*s - 2*t - c. What is the units digit of s?
0
Suppose 5 = -3*p + 2*p. Let l = p - 6. What is the units digit of -2*(l/2 - 3)?
7
Suppose 26*g - 25*g - 519 = 0. What is the tens digit of g?
1
What is the tens digit of ((-98532)/170)/(9/(-30))?
3
Let t = -7369 + 12114. What is the tens digit of t?
4
Let s = 5618 + -3095. What is the hundreds digit of s?
5
Let w(t) = -58*t**2 - 2*t - 1. Let j(p) = p**3 - 15*p**2 - p + 14. Let b be j(15). Let h be w(b). What is the tens digit of (h + -1)/(4/(-2))?
2
Let h(o) = -o**3 + 1. Let a(z) = 9*z**3 + 2*z + 4. Let v(k) = a(k) - 5*h(k). Suppose -j = 2*t - 4, 4*t - 8 = -3*j + 2. What is the units digit of v(t)?
5
Suppose -16*k + 7113 = -5783. What is the tens digit of k?
0
Let j = 822 + -813. Suppose -4*z + 0*z + 50 = y, 2*y - 64 = -5*z. Suppose 0 = j*f - z*f + 99. What is the units digit of f?
3
Let y = 1854 - 889. Suppose 140*h = 145*h - y. What is the units digit of h?
3
Suppose 84 = -5*j + 7*j. What is the units digit of j?
2
Suppose -15 = -5*w, -4*h - 106*w = -101*w - 15811. What is the hundreds digit of h?
9
Let h(n) = 11*n**3 - 2*n**2 + 6*n - 5. What is the tens digit of h(2)?
8
Let b = 307 - 165. What is the hundreds digit of b?
1
Suppose -4*q + 1 = -o + q, -3*q = 4*o + 27. What is the units digit of (o/4)/((-30)/1580)?
9
Suppose 0 = v + 3*n - 135, 3*n + 385 = 3*v + 4. What is the units digit of v?
9
Suppose -8*l + 268 = -380. What is the units digit of l?
1
Suppose -9890 = -4*j - 19*j. What is the tens digit of j?
3
Suppose 7*o + 3*m - 20 = 5*o, 24 = 5*o + m. Suppose -24 = o*r - 96. Let t = r + -1. What is the tens digit of t?
1
Let o(y) = 15*y - 5. Let g be o(-2). Let f = 35 + g. What is the tens digit of (-118)/(-2) - (f - -1)?
5
Let v = 94 - 134. What is the units digit of ((-14)/(-10))/((-8)/v)?
7
Suppose -f + 2 = -0*f. Suppose -f*c = -0*c. Suppose c*k + 36 = k + 4*o, k = 4*o - 4. What is the tens digit of k?
1
Suppose -i + 205 = y, -y + 190 = i - 3*y. What is the units digit of i?
0
What is the hundreds digit of (-4536)/18*(1 + 17/(-3))?
1
Let u be 0 - (8/(-2))/4. What is the tens digit of 1 - ((-27)/u + 0)?
2
Let i(l) be the second derivative of -l**4/12 + 11*l**3/6 + 2*l**2 + 3*l. Let f be (-2 - -14)/((-3)/(-2)). What is the units digit of i(f)?
8
Let k = 68 - 60. What is the tens digit of k/3*(-495)/(-60)?
2
Let o(q) = 44*q - 109. What is the hundreds digit of o(9)?
2
Suppose 5*w - m - 13 = 0, m + 4*m = 5*w - 5. Let t(b) be the second derivative of b**4/4 + b**3/6 - 2*b**2 + 4*b. What is the units digit of t(w)?
6
Let d(v) = -7*v - 163. What is the units digit of d(-30)?
7
Suppose 57*i = 58*i - 1. Suppose 2*q - j - 20 = -5*j, 2*q = 3*j - i. What is the units digit of q?
4
Let p(m) = 192*m**2 - 5. Let g be p(-2). Suppose -6*i + g = -449.